{"id":558,"date":"2026-02-05T08:49:09","date_gmt":"2026-02-05T08:49:09","guid":{"rendered":"https:\/\/test3.ebweb.biz\/?page_id=558"},"modified":"2026-04-01T13:50:08","modified_gmt":"2026-04-01T13:50:08","slug":"certificazioni","status":"publish","type":"page","link":"https:\/\/test3.ebweb.biz\/index.php\/certificazioni\/","title":{"rendered":"Certificazioni"},"content":{"rendered":"\t\t<div data-elementor-type=\"wp-post\" data-elementor-id=\"558\" class=\"elementor elementor-558\" data-elementor-post-type=\"page\">\n\t\t\t\t<div class=\"elementor-element elementor-element-c5c9193 e-con-full e-flex e-con e-parent\" data-id=\"c5c9193\" data-element_type=\"container\">\n\t\t\t\t<div class=\"elementor-element elementor-element-da6d264 elementor-invisible elementor-widget elementor-widget-heading\" data-id=\"da6d264\" data-element_type=\"widget\" data-settings=\"{&quot;_animation&quot;:&quot;fadeInDown&quot;}\" data-widget_type=\"heading.default\">\n\t\t\t\t\t<h1 class=\"elementor-heading-title elementor-size-default\">La Forza delle Certificazioni e della Qualit\u00e0\n<\/h1>\t\t\t\t<\/div>\n\t\t<div class=\"elementor-element elementor-element-877994f e-con-full e-flex e-con e-child\" data-id=\"877994f\" data-element_type=\"container\">\n\t\t<div class=\"elementor-element elementor-element-e349980 e-grid e-con-full e-con e-child\" data-id=\"e349980\" data-element_type=\"container\">\n\t\t\t\t<div class=\"elementor-element elementor-element-bdc2ed3 elementor-widget elementor-widget-image\" data-id=\"bdc2ed3\" data-element_type=\"widget\" data-widget_type=\"image.default\">\n\t\t\t\t\t\t\t\t\t\t\t\t\t\t\t<img fetchpriority=\"high\" decoding=\"async\" width=\"1024\" height=\"576\" src=\"https:\/\/test3.ebweb.biz\/wp-content\/uploads\/2026\/02\/zardini-certificazione1-1024x576.jpg\" class=\"attachment-large size-large wp-image-1242\" alt=\"\" srcset=\"https:\/\/test3.ebweb.biz\/wp-content\/uploads\/2026\/02\/zardini-certificazione1-1024x576.jpg 1024w, https:\/\/test3.ebweb.biz\/wp-content\/uploads\/2026\/02\/zardini-certificazione1-300x169.jpg 300w, https:\/\/test3.ebweb.biz\/wp-content\/uploads\/2026\/02\/zardini-certificazione1-768x432.jpg 768w, https:\/\/test3.ebweb.biz\/wp-content\/uploads\/2026\/02\/zardini-certificazione1.jpg 1280w\" sizes=\"(max-width: 1024px) 100vw, 1024px\" \/>\t\t\t\t\t\t\t\t\t\t\t\t\t\t\t<\/div>\n\t\t<div class=\"elementor-element elementor-element-96f70d7 e-con-full e-flex e-con e-child\" data-id=\"96f70d7\" data-element_type=\"container\">\n\t\t\t\t<div class=\"elementor-element elementor-element-c5aacb8 elementor-widget elementor-widget-heading\" data-id=\"c5aacb8\" data-element_type=\"widget\" data-widget_type=\"heading.default\">\n\t\t\t\t\t<h2 class=\"elementor-heading-title elementor-size-default\">CERTIFICAZIONE BRCGS<\/h2>\t\t\t\t<\/div>\n\t\t\t\t<div class=\"elementor-element elementor-element-1dc99de elementor-widget elementor-widget-text-editor\" data-id=\"1dc99de\" data-element_type=\"widget\" data-widget_type=\"text-editor.default\">\n\t\t\t\t\t\t\t\t\t<p>La crescita di Zardini si fonda su impegno concreto e standard certificati. Da anni l\u2019azienda opera con certificazione <b>BRCGS<\/b>, una garanzia internazionale di qualit\u00e0 e sicurezza dei processi produttivi nella realizzazione di etichette per prodotti a marchio.<br \/>Si tratta di un riconoscimento ottenuto da poche aziende in Italia nel settore, un risultato che premia l\u2019attenzione al dettaglio, la cura dei processi e la volont\u00e0 di garantire la massima tutela ai propri clienti.<br \/>Pi\u00f9 che un traguardo, \u00e8 una responsabilit\u00e0 quotidiana.<\/p>\t\t\t\t\t\t\t\t<\/div>\n\t\t\t\t<div class=\"elementor-element elementor-element-8123f02 elementor-widget elementor-widget-button\" data-id=\"8123f02\" data-element_type=\"widget\" data-widget_type=\"button.default\">\n\t\t\t\t\t\t\t\t\t\t<a class=\"elementor-button elementor-button-link elementor-size-sm\" href=\"https:\/\/test3.ebweb.biz\/wp-content\/uploads\/2026\/02\/Certificato-BRCgs-2025-Accreditato.pdf\" target=\"_blank\">\n\t\t\t\t\t\t<span class=\"elementor-button-content-wrapper\">\n\t\t\t\t\t\t<span class=\"elementor-button-icon\">\n\t\t\t\t<svg aria-hidden=\"true\" class=\"e-font-icon-svg e-fas-download\" viewBox=\"0 0 512 512\" xmlns=\"http:\/\/www.w3.org\/2000\/svg\"><path d=\"M216 0h80c13.3 0 24 10.7 24 24v168h87.7c17.8 0 26.7 21.5 14.1 34.1L269.7 378.3c-7.5 7.5-19.8 7.5-27.3 0L90.1 226.1c-12.6-12.6-3.7-34.1 14.1-34.1H192V24c0-13.3 10.7-24 24-24zm296 376v112c0 13.3-10.7 24-24 24H24c-13.3 0-24-10.7-24-24V376c0-13.3 10.7-24 24-24h146.7l49 49c20.1 20.1 52.5 20.1 72.6 0l49-49H488c13.3 0 24 10.7 24 24zm-124 88c0-11-9-20-20-20s-20 9-20 20 9 20 20 20 20-9 20-20zm64 0c0-11-9-20-20-20s-20 9-20 20 9 20 20 20 20-9 20-20z\"><\/path><\/svg>\t\t\t<\/span>\n\t\t\t\t\t\t\t\t\t<span class=\"elementor-button-text\">Scarica<\/span>\n\t\t\t\t\t<\/span>\n\t\t\t\t\t<\/a>\n\t\t\t\t\t\t\t\t<\/div>\n\t\t\t\t<\/div>\n\t\t\t\t<\/div>\n\t\t<div class=\"elementor-element elementor-element-f545a91 e-grid e-con-full e-con e-child\" data-id=\"f545a91\" data-element_type=\"container\">\n\t\t\t\t<div class=\"elementor-element elementor-element-fb63c00 elementor-widget elementor-widget-image\" data-id=\"fb63c00\" data-element_type=\"widget\" data-widget_type=\"image.default\">\n\t\t\t\t\t\t\t\t\t\t\t\t\t\t\t<img decoding=\"async\" width=\"1024\" height=\"576\" src=\"https:\/\/test3.ebweb.biz\/wp-content\/uploads\/2026\/02\/zardini-certificazione2-1024x576.jpg\" class=\"attachment-large size-large wp-image-1241\" alt=\"\" srcset=\"https:\/\/test3.ebweb.biz\/wp-content\/uploads\/2026\/02\/zardini-certificazione2-1024x576.jpg 1024w, https:\/\/test3.ebweb.biz\/wp-content\/uploads\/2026\/02\/zardini-certificazione2-300x169.jpg 300w, https:\/\/test3.ebweb.biz\/wp-content\/uploads\/2026\/02\/zardini-certificazione2-768x432.jpg 768w, https:\/\/test3.ebweb.biz\/wp-content\/uploads\/2026\/02\/zardini-certificazione2.jpg 1280w\" sizes=\"(max-width: 1024px) 100vw, 1024px\" \/>\t\t\t\t\t\t\t\t\t\t\t\t\t\t\t<\/div>\n\t\t<div class=\"elementor-element elementor-element-3125e70 e-con-full e-flex e-con e-child\" data-id=\"3125e70\" data-element_type=\"container\">\n\t\t\t\t<div class=\"elementor-element elementor-element-7263905 elementor-widget elementor-widget-heading\" data-id=\"7263905\" data-element_type=\"widget\" data-widget_type=\"heading.default\">\n\t\t\t\t\t<h2 class=\"elementor-heading-title elementor-size-default\">CERTIFICAZIONE FSC<\/h2>\t\t\t\t<\/div>\n\t\t\t\t<div class=\"elementor-element elementor-element-74fa748 elementor-widget elementor-widget-text-editor\" data-id=\"74fa748\" data-element_type=\"widget\" data-widget_type=\"text-editor.default\">\n\t\t\t\t\t\t\t\t\t<p><i>Una scelta responsabile\u2026<\/i><\/p><p>la <b>certificazione FSC\u00ae (Forest Stewardship Council)<\/b> garantisce ai nostri clienti etichette realizzate nel pieno rispetto dell\u2019ambiente, delle persone e delle risorse forestali. Riteniamo fondamentale affidarci a materie prime provenienti da foreste gestite in modo responsabile, da fonti controllate o da materiale riciclato certificato. La certificazione FSC\u00ae assicura la tracciabilit\u00e0 della carta lungo tutta la filiera e rappresenta un impegno concreto verso la sostenibilit\u00e0 ambientale e sociale.\u00a0<\/p>\t\t\t\t\t\t\t\t<\/div>\n\t\t\t\t<div class=\"elementor-element elementor-element-4f44700 elementor-widget elementor-widget-button\" data-id=\"4f44700\" data-element_type=\"widget\" data-widget_type=\"button.default\">\n\t\t\t\t\t\t\t\t\t\t<a class=\"elementor-button elementor-button-link elementor-size-sm\" href=\"https:\/\/test3.ebweb.biz\/wp-content\/uploads\/2026\/02\/CERTIFICATO-FSC-Tipolitografia-Zardini-S.r.l_.pdf\" target=\"_blank\">\n\t\t\t\t\t\t<span class=\"elementor-button-content-wrapper\">\n\t\t\t\t\t\t<span class=\"elementor-button-icon\">\n\t\t\t\t<svg aria-hidden=\"true\" class=\"e-font-icon-svg e-fas-download\" viewBox=\"0 0 512 512\" xmlns=\"http:\/\/www.w3.org\/2000\/svg\"><path d=\"M216 0h80c13.3 0 24 10.7 24 24v168h87.7c17.8 0 26.7 21.5 14.1 34.1L269.7 378.3c-7.5 7.5-19.8 7.5-27.3 0L90.1 226.1c-12.6-12.6-3.7-34.1 14.1-34.1H192V24c0-13.3 10.7-24 24-24zm296 376v112c0 13.3-10.7 24-24 24H24c-13.3 0-24-10.7-24-24V376c0-13.3 10.7-24 24-24h146.7l49 49c20.1 20.1 52.5 20.1 72.6 0l49-49H488c13.3 0 24 10.7 24 24zm-124 88c0-11-9-20-20-20s-20 9-20 20 9 20 20 20 20-9 20-20zm64 0c0-11-9-20-20-20s-20 9-20 20 9 20 20 20 20-9 20-20z\"><\/path><\/svg>\t\t\t<\/span>\n\t\t\t\t\t\t\t\t\t<span class=\"elementor-button-text\">Scarica<\/span>\n\t\t\t\t\t<\/span>\n\t\t\t\t\t<\/a>\n\t\t\t\t\t\t\t\t<\/div>\n\t\t\t\t<\/div>\n\t\t\t\t<\/div>\n\t\t\t\t<\/div>\n\t\t<div class=\"elementor-element elementor-element-5aca62b e-con-full e-flex e-con e-child\" data-id=\"5aca62b\" data-element_type=\"container\" id=\"sfondo\" data-settings=\"{&quot;background_background&quot;:&quot;classic&quot;,&quot;position&quot;:&quot;fixed&quot;}\">\n\t\t\t\t<div class=\"elementor-element elementor-element-a0adfad elementor-widget__width-initial elementor-fixed elementor-widget elementor-widget-spacer\" data-id=\"a0adfad\" data-element_type=\"widget\" data-settings=\"{&quot;_position&quot;:&quot;fixed&quot;,&quot;motion_fx_motion_fx_scrolling&quot;:&quot;yes&quot;,&quot;motion_fx_translateX_effect&quot;:&quot;yes&quot;,&quot;motion_fx_translateX_direction&quot;:&quot;negative&quot;,&quot;motion_fx_translateX_speed&quot;:{&quot;unit&quot;:&quot;px&quot;,&quot;size&quot;:2,&quot;sizes&quot;:[]},&quot;motion_fx_translateX_affectedRange&quot;:{&quot;unit&quot;:&quot;%&quot;,&quot;size&quot;:&quot;&quot;,&quot;sizes&quot;:{&quot;start&quot;:0,&quot;end&quot;:100}},&quot;motion_fx_devices&quot;:[&quot;desktop&quot;,&quot;tablet&quot;,&quot;mobile&quot;]}\" data-widget_type=\"spacer.default\">\n\t\t\t\t\t\t\t<div class=\"elementor-spacer\">\n\t\t\t<div class=\"elementor-spacer-inner\"><\/div>\n\t\t<\/div>\n\t\t\t\t\t\t<\/div>\n\t\t\t\t<div class=\"elementor-element elementor-element-2668b2f elementor-widget__width-initial elementor-fixed elementor-widget elementor-widget-spacer\" data-id=\"2668b2f\" data-element_type=\"widget\" data-settings=\"{&quot;_position&quot;:&quot;fixed&quot;,&quot;motion_fx_motion_fx_scrolling&quot;:&quot;yes&quot;,&quot;motion_fx_translateX_effect&quot;:&quot;yes&quot;,&quot;motion_fx_translateX_speed&quot;:{&quot;unit&quot;:&quot;px&quot;,&quot;size&quot;:2,&quot;sizes&quot;:[]},&quot;motion_fx_translateX_affectedRange&quot;:{&quot;unit&quot;:&quot;%&quot;,&quot;size&quot;:&quot;&quot;,&quot;sizes&quot;:{&quot;start&quot;:0,&quot;end&quot;:100}},&quot;motion_fx_devices&quot;:[&quot;desktop&quot;,&quot;tablet&quot;,&quot;mobile&quot;]}\" data-widget_type=\"spacer.default\">\n\t\t\t\t\t\t\t<div class=\"elementor-spacer\">\n\t\t\t<div class=\"elementor-spacer-inner\"><\/div>\n\t\t<\/div>\n\t\t\t\t\t\t<\/div>\n\t\t\t\t<div class=\"elementor-element elementor-element-4a4a4d4 elementor-widget__width-initial elementor-fixed elementor-widget elementor-widget-spacer\" data-id=\"4a4a4d4\" data-element_type=\"widget\" data-settings=\"{&quot;_position&quot;:&quot;fixed&quot;,&quot;motion_fx_motion_fx_scrolling&quot;:&quot;yes&quot;,&quot;motion_fx_translateY_effect&quot;:&quot;yes&quot;,&quot;motion_fx_translateY_speed&quot;:{&quot;unit&quot;:&quot;px&quot;,&quot;size&quot;:3,&quot;sizes&quot;:[]},&quot;motion_fx_translateY_affectedRange&quot;:{&quot;unit&quot;:&quot;%&quot;,&quot;size&quot;:&quot;&quot;,&quot;sizes&quot;:{&quot;start&quot;:0,&quot;end&quot;:100}},&quot;motion_fx_devices&quot;:[&quot;desktop&quot;,&quot;tablet&quot;,&quot;mobile&quot;]}\" data-widget_type=\"spacer.default\">\n\t\t\t\t\t\t\t<div class=\"elementor-spacer\">\n\t\t\t<div class=\"elementor-spacer-inner\"><\/div>\n\t\t<\/div>\n\t\t\t\t\t\t<\/div>\n\t\t\t\t<\/div>\n\t\t\t\t<div class=\"elementor-element elementor-element-72a10c0 elementor-fixed elementor-widget elementor-widget-button\" data-id=\"72a10c0\" data-element_type=\"widget\" data-settings=\"{&quot;_position&quot;:&quot;fixed&quot;}\" data-widget_type=\"button.default\">\n\t\t\t\t\t\t\t\t\t\t<a class=\"elementor-button elementor-button-link elementor-size-sm\" href=\"#header\">\n\t\t\t\t\t\t<span class=\"elementor-button-content-wrapper\">\n\t\t\t\t\t\t<span class=\"elementor-button-icon\">\n\t\t\t\t<svg aria-hidden=\"true\" class=\"e-font-icon-svg e-fas-angle-double-up\" viewBox=\"0 0 320 512\" xmlns=\"http:\/\/www.w3.org\/2000\/svg\"><path d=\"M177 255.7l136 136c9.4 9.4 9.4 24.6 0 33.9l-22.6 22.6c-9.4 9.4-24.6 9.4-33.9 0L160 351.9l-96.4 96.4c-9.4 9.4-24.6 9.4-33.9 0L7 425.7c-9.4-9.4-9.4-24.6 0-33.9l136-136c9.4-9.5 24.6-9.5 34-.1zm-34-192L7 199.7c-9.4 9.4-9.4 24.6 0 33.9l22.6 22.6c9.4 9.4 24.6 9.4 33.9 0l96.4-96.4 96.4 96.4c9.4 9.4 24.6 9.4 33.9 0l22.6-22.6c9.4-9.4 9.4-24.6 0-33.9l-136-136c-9.2-9.4-24.4-9.4-33.8 0z\"><\/path><\/svg>\t\t\t<\/span>\n\t\t\t\t\t\t\t\t<\/span>\n\t\t\t\t\t<\/a>\n\t\t\t\t\t\t\t\t<\/div>\n\t\t\t\t<\/div>\n\t\t<div class=\"elementor-element elementor-element-28057f1 e-flex e-con-boxed e-con e-parent\" data-id=\"28057f1\" data-element_type=\"container\" id=\"sfondo\" data-settings=\"{&quot;position&quot;:&quot;fixed&quot;}\">\n\t\t\t\t\t<div class=\"e-con-inner\">\n\t\t\t\t\t<\/div>\n\t\t\t\t<\/div>\n\t\t\t\t<\/div>\n\t\t","protected":false},"excerpt":{"rendered":"<p>La Forza delle Certificazioni e della Qualit\u00e0 CERTIFICAZIONE BRCGS La crescita di Zardini si fonda su impegno concreto e standard certificati. Da anni l\u2019azienda opera con certificazione BRCGS, una garanzia internazionale di qualit\u00e0 e sicurezza dei processi produttivi nella realizzazione di etichette per prodotti a marchio.Si tratta di un riconoscimento ottenuto da poche aziende in [&hellip;]<\/p>\n","protected":false},"author":1,"featured_media":0,"parent":0,"menu_order":0,"comment_status":"closed","ping_status":"closed","template":"elementor_header_footer","meta":{"footnotes":""},"class_list":["post-558","page","type-page","status-publish","hentry"],"yoast_head":"<!-- This site is optimized with the Yoast SEO plugin v27.1.1 - https:\/\/yoast.com\/product\/yoast-seo-wordpress\/ -->\n<title>Stampa etichette cosmetici e farmaci - Zardini Etichette<\/title>\n<meta name=\"description\" content=\"Etichette cosmetici e farmaci certificate per conformit\u00e0 normativa e sicurezza prodotto, con stampa professionale e personalizzata Zardini\" \/>\n<meta name=\"robots\" content=\"index, follow, max-snippet:-1, max-image-preview:large, max-video-preview:-1\" \/>\n<link rel=\"canonical\" href=\"https:\/\/test3.ebweb.biz\/index.php\/certificazioni\/\" \/>\n<meta property=\"og:locale\" content=\"it_IT\" \/>\n<meta property=\"og:type\" content=\"article\" \/>\n<meta property=\"og:title\" content=\"Stampa etichette cosmetici e farmaci - Zardini Etichette\" \/>\n<meta property=\"og:description\" content=\"Etichette cosmetici e farmaci certificate per conformit\u00e0 normativa e sicurezza prodotto, con stampa professionale e personalizzata Zardini\" \/>\n<meta property=\"og:url\" content=\"https:\/\/test3.ebweb.biz\/index.php\/certificazioni\/\" \/>\n<meta property=\"og:site_name\" content=\"Zardini Etichette\" \/>\n<meta property=\"article:modified_time\" content=\"2026-04-01T13:50:08+00:00\" \/>\n<meta property=\"og:image\" content=\"https:\/\/test3.ebweb.biz\/wp-content\/uploads\/2026\/02\/zardini-certificazione1-1024x576.jpg\" \/>\n<meta name=\"twitter:card\" content=\"summary_large_image\" \/>\n<meta name=\"twitter:label1\" content=\"Tempo di lettura stimato\" \/>\n\t<meta name=\"twitter:data1\" content=\"2 minuti\" \/>\n<script type=\"application\/ld+json\" class=\"yoast-schema-graph\">{\"@context\":\"https:\/\/schema.org\",\"@graph\":[{\"@type\":\"WebPage\",\"@id\":\"https:\/\/test3.ebweb.biz\/index.php\/certificazioni\/\",\"url\":\"https:\/\/test3.ebweb.biz\/index.php\/certificazioni\/\",\"name\":\"Stampa etichette cosmetici e farmaci - Zardini Etichette\",\"isPartOf\":{\"@id\":\"https:\/\/test3.ebweb.biz\/#website\"},\"primaryImageOfPage\":{\"@id\":\"https:\/\/test3.ebweb.biz\/index.php\/certificazioni\/#primaryimage\"},\"image\":{\"@id\":\"https:\/\/test3.ebweb.biz\/index.php\/certificazioni\/#primaryimage\"},\"thumbnailUrl\":\"https:\/\/test3.ebweb.biz\/wp-content\/uploads\/2026\/02\/zardini-certificazione1-1024x576.jpg\",\"datePublished\":\"2026-02-05T08:49:09+00:00\",\"dateModified\":\"2026-04-01T13:50:08+00:00\",\"description\":\"Etichette cosmetici e farmaci certificate per conformit\u00e0 normativa e sicurezza prodotto, con stampa professionale e personalizzata Zardini\",\"breadcrumb\":{\"@id\":\"https:\/\/test3.ebweb.biz\/index.php\/certificazioni\/#breadcrumb\"},\"inLanguage\":\"it-IT\",\"potentialAction\":[{\"@type\":\"ReadAction\",\"target\":[\"https:\/\/test3.ebweb.biz\/index.php\/certificazioni\/\"]}]},{\"@type\":\"ImageObject\",\"inLanguage\":\"it-IT\",\"@id\":\"https:\/\/test3.ebweb.biz\/index.php\/certificazioni\/#primaryimage\",\"url\":\"https:\/\/test3.ebweb.biz\/wp-content\/uploads\/2026\/02\/zardini-certificazione1.jpg\",\"contentUrl\":\"https:\/\/test3.ebweb.biz\/wp-content\/uploads\/2026\/02\/zardini-certificazione1.jpg\",\"width\":1280,\"height\":720},{\"@type\":\"BreadcrumbList\",\"@id\":\"https:\/\/test3.ebweb.biz\/index.php\/certificazioni\/#breadcrumb\",\"itemListElement\":[{\"@type\":\"ListItem\",\"position\":1,\"name\":\"Home\",\"item\":\"https:\/\/test3.ebweb.biz\/\"},{\"@type\":\"ListItem\",\"position\":2,\"name\":\"Certificazioni\"}]},{\"@type\":\"WebSite\",\"@id\":\"https:\/\/test3.ebweb.biz\/#website\",\"url\":\"https:\/\/test3.ebweb.biz\/\",\"name\":\"Zardini Etichette\",\"description\":\"\",\"publisher\":{\"@id\":\"https:\/\/test3.ebweb.biz\/#organization\"},\"potentialAction\":[{\"@type\":\"SearchAction\",\"target\":{\"@type\":\"EntryPoint\",\"urlTemplate\":\"https:\/\/test3.ebweb.biz\/?s={search_term_string}\"},\"query-input\":{\"@type\":\"PropertyValueSpecification\",\"valueRequired\":true,\"valueName\":\"search_term_string\"}}],\"inLanguage\":\"it-IT\"},{\"@type\":\"Organization\",\"@id\":\"https:\/\/test3.ebweb.biz\/#organization\",\"name\":\"Zardini Etichette\",\"url\":\"https:\/\/test3.ebweb.biz\/\",\"logo\":{\"@type\":\"ImageObject\",\"inLanguage\":\"it-IT\",\"@id\":\"https:\/\/test3.ebweb.biz\/#\/schema\/logo\/image\/\",\"url\":\"https:\/\/test3.ebweb.biz\/wp-content\/uploads\/2026\/01\/logo-ZARDINI-CENTER-scaled.png\",\"contentUrl\":\"https:\/\/test3.ebweb.biz\/wp-content\/uploads\/2026\/01\/logo-ZARDINI-CENTER-scaled.png\",\"width\":2560,\"height\":504,\"caption\":\"Zardini Etichette\"},\"image\":{\"@id\":\"https:\/\/test3.ebweb.biz\/#\/schema\/logo\/image\/\"}}]}<\/script>\n<!-- \/ Yoast SEO plugin. -->","yoast_head_json":{"title":"Stampa etichette cosmetici e farmaci - Zardini Etichette","description":"Etichette cosmetici e farmaci certificate per conformit\u00e0 normativa e sicurezza prodotto, con stampa professionale e personalizzata Zardini","robots":{"index":"index","follow":"follow","max-snippet":"max-snippet:-1","max-image-preview":"max-image-preview:large","max-video-preview":"max-video-preview:-1"},"canonical":"https:\/\/test3.ebweb.biz\/index.php\/certificazioni\/","og_locale":"it_IT","og_type":"article","og_title":"Stampa etichette cosmetici e farmaci - Zardini Etichette","og_description":"Etichette cosmetici e farmaci certificate per conformit\u00e0 normativa e sicurezza prodotto, con stampa professionale e personalizzata Zardini","og_url":"https:\/\/test3.ebweb.biz\/index.php\/certificazioni\/","og_site_name":"Zardini Etichette","article_modified_time":"2026-04-01T13:50:08+00:00","og_image":[{"url":"https:\/\/test3.ebweb.biz\/wp-content\/uploads\/2026\/02\/zardini-certificazione1-1024x576.jpg","type":"","width":"","height":""}],"twitter_card":"summary_large_image","twitter_misc":{"Tempo di lettura stimato":"2 minuti"},"schema":{"@context":"https:\/\/schema.org","@graph":[{"@type":"WebPage","@id":"https:\/\/test3.ebweb.biz\/index.php\/certificazioni\/","url":"https:\/\/test3.ebweb.biz\/index.php\/certificazioni\/","name":"Stampa etichette cosmetici e farmaci - Zardini Etichette","isPartOf":{"@id":"https:\/\/test3.ebweb.biz\/#website"},"primaryImageOfPage":{"@id":"https:\/\/test3.ebweb.biz\/index.php\/certificazioni\/#primaryimage"},"image":{"@id":"https:\/\/test3.ebweb.biz\/index.php\/certificazioni\/#primaryimage"},"thumbnailUrl":"https:\/\/test3.ebweb.biz\/wp-content\/uploads\/2026\/02\/zardini-certificazione1-1024x576.jpg","datePublished":"2026-02-05T08:49:09+00:00","dateModified":"2026-04-01T13:50:08+00:00","description":"Etichette cosmetici e farmaci certificate per conformit\u00e0 normativa e sicurezza prodotto, con stampa professionale e personalizzata Zardini","breadcrumb":{"@id":"https:\/\/test3.ebweb.biz\/index.php\/certificazioni\/#breadcrumb"},"inLanguage":"it-IT","potentialAction":[{"@type":"ReadAction","target":["https:\/\/test3.ebweb.biz\/index.php\/certificazioni\/"]}]},{"@type":"ImageObject","inLanguage":"it-IT","@id":"https:\/\/test3.ebweb.biz\/index.php\/certificazioni\/#primaryimage","url":"https:\/\/test3.ebweb.biz\/wp-content\/uploads\/2026\/02\/zardini-certificazione1.jpg","contentUrl":"https:\/\/test3.ebweb.biz\/wp-content\/uploads\/2026\/02\/zardini-certificazione1.jpg","width":1280,"height":720},{"@type":"BreadcrumbList","@id":"https:\/\/test3.ebweb.biz\/index.php\/certificazioni\/#breadcrumb","itemListElement":[{"@type":"ListItem","position":1,"name":"Home","item":"https:\/\/test3.ebweb.biz\/"},{"@type":"ListItem","position":2,"name":"Certificazioni"}]},{"@type":"WebSite","@id":"https:\/\/test3.ebweb.biz\/#website","url":"https:\/\/test3.ebweb.biz\/","name":"Zardini Etichette","description":"","publisher":{"@id":"https:\/\/test3.ebweb.biz\/#organization"},"potentialAction":[{"@type":"SearchAction","target":{"@type":"EntryPoint","urlTemplate":"https:\/\/test3.ebweb.biz\/?s={search_term_string}"},"query-input":{"@type":"PropertyValueSpecification","valueRequired":true,"valueName":"search_term_string"}}],"inLanguage":"it-IT"},{"@type":"Organization","@id":"https:\/\/test3.ebweb.biz\/#organization","name":"Zardini Etichette","url":"https:\/\/test3.ebweb.biz\/","logo":{"@type":"ImageObject","inLanguage":"it-IT","@id":"https:\/\/test3.ebweb.biz\/#\/schema\/logo\/image\/","url":"https:\/\/test3.ebweb.biz\/wp-content\/uploads\/2026\/01\/logo-ZARDINI-CENTER-scaled.png","contentUrl":"https:\/\/test3.ebweb.biz\/wp-content\/uploads\/2026\/01\/logo-ZARDINI-CENTER-scaled.png","width":2560,"height":504,"caption":"Zardini Etichette"},"image":{"@id":"https:\/\/test3.ebweb.biz\/#\/schema\/logo\/image\/"}}]}},"_links":{"self":[{"href":"https:\/\/test3.ebweb.biz\/index.php\/wp-json\/wp\/v2\/pages\/558","targetHints":{"allow":["GET"]}}],"collection":[{"href":"https:\/\/test3.ebweb.biz\/index.php\/wp-json\/wp\/v2\/pages"}],"about":[{"href":"https:\/\/test3.ebweb.biz\/index.php\/wp-json\/wp\/v2\/types\/page"}],"author":[{"embeddable":true,"href":"https:\/\/test3.ebweb.biz\/index.php\/wp-json\/wp\/v2\/users\/1"}],"replies":[{"embeddable":true,"href":"https:\/\/test3.ebweb.biz\/index.php\/wp-json\/wp\/v2\/comments?post=558"}],"version-history":[{"count":64,"href":"https:\/\/test3.ebweb.biz\/index.php\/wp-json\/wp\/v2\/pages\/558\/revisions"}],"predecessor-version":[{"id":1320,"href":"https:\/\/test3.ebweb.biz\/index.php\/wp-json\/wp\/v2\/pages\/558\/revisions\/1320"}],"wp:attachment":[{"href":"https:\/\/test3.ebweb.biz\/index.php\/wp-json\/wp\/v2\/media?parent=558"}],"curies":[{"name":"wp","href":"https:\/\/api.w.org\/{rel}","templated":true}]}}